1004?
367
Calculate the remainder when 23801 is divided by 154.
85
What is the remainder when 65423 is divided by 21805?
8
Calculate the remainder when 4152 is divided by 27.
21
Calculate the remainder when 39455 is divided by 13135.
50
Calculate the remainder when 562738 is divided by 1477.
1
What is the remainder when 1657597 is divided by 640?
637
Calculate the remainder when 10830 is divided by 2154.
60
What is the remainder when 21785 is divided by 1037?
8
What is the remainder when 9981 is divided by 48?
45
Calculate the remainder when 1085 is divided by 10.
5
What is the remainder when 93288 is divided by 31087?
27
What is the remainder when 2427 is divided by 1208?
11
What is the remainder when 97367 is divided by 26?
23
What is the remainder when 373126 is divided by 4975?
1
Calculate the remainder when 6929 is divided by 17.
10
What is the remainder when 25029 is divided by 8301?
126
What is the remainder when 71 is divided by 28?
15
What is the remainder when 78373 is divided by 3?
1
Calculate the remainder when 2395229 is divided by 476.
473
Calculate the remainder when 1612410 is divided by 1292.
1286
What is the remainder when 1010 is divided by 489?
32
Calculate the remainder when 10517 is divided by 368.
213
What is the remainder when 26377 is divided by 13?
0
Calculate the remainder when 9229 is divided by 3035.
124
Calculate the remainder when 56439 is divided by 13987.
491
Calculate the remainder when 3216 is divided by 192.
144
Calculate the remainder when 29671 is divided by 107.
32
What is the remainder when 30601 is divided by 15277?
47
What is the remainder when 20360 is divided by 2207?
497
What is the remainder when 68125 is divided by 1659?
106
Calculate the remainder when 32622 is divided by 502.
494
Calculate the remainder when 255 is divided by 93.
69
Calculate the remainder when 241442 is divided by 43.
40
What is the remainder when 171599 is divided by 104?
103
Calculate the remainder when 706479 is divided by 162.
159
Calculate the remainder when 768 is divided by 33.
9
Calculate the remainder when 15866 is divided by 1596.
1502
What is the remainder when 1339 is divided by 197?
157
Calculate the remainder when 1916 is divided by 1908.
8
What is the remainder when 205853 is divided by 68616?
5
Calculate the remainder when 500523 is divided by 702.
699
Calculate the remainder when 54285 is divided by 237.
12
What is the remainder when 213048 is divided by 53249?
52
What is the remainder when 1146 is divided by 41?
39
Calculate the remainder when 3302 is divided by 1001.
299
What is the remainder when 11730 is divided by 261?
246
What is the remainder when 24149 is divided by 115?
114
Calculate the remainder when 169922 is divided by 111.
92
Calculate the remainder when 7413 is divided by 1116.
717
What is the remainder when 91823 is divided by 57?
53
Calculate the remainder when 353173 is divided by 9545.
8
Calculate the remainder when 42182 is divided by 178.
174
Calculate the remainder when 3469 is divided by 43.
29
Calculate the remainder when 22195 is divided by 11.
8
What is the remainder when 565 is divided by 23?
13
Calculate the remainder when 37788 is divided by 1349.
16
What is the remainder when 40590 is divided by 86?
84
What is the remainder when 3251 is divided by 116?
3
What is the remainder when 4046 is divided by 1878?
290
Calculate the remainder when 44871 is divided by 142.
141
What is the remainder when 12496 is divided by 27?
22
What is the remainder when 49018 is divided by 103?
93
Calculate the remainder when 78028 is divided by 46.
12
Calculate the remainder when 19245 is divided by 19234.
11
Calculate the remainder when 3043 is divided by 112.
19
Calculate the remainder when 336012 is divided by 513.
510
Calculate the remainder when 24734 is divided by 57.
53
Calculate the remainder when 2892 is divided by 361.
4
What is the remainder when 29822 is divided by 16?
14
What is the remainder when 4660 is divided by 223?
200
Calculate the remainder when 7628 is divided by 109.
107
Calculate the remainder when 1099635 is divided by 18.
15
What is the remainder when 1537 is divided by 277?
152
What is the remainder when 2093193 is divided by 14?
11
Calculate the remainder when 3373 is divided by 47.
36
What is the remainder when 52945 is divided by 2407?
2398
Calculate the remainder when 7942 is divided by 793.
12
Calculate the remainder when 70881 is divided by 396.
393
What is the remainder when 36605 is divided by 18300?
5
What is the remainder when 63921 is divided by 1229?
13
Calculate the remainder when 15626 is divided by 410.
46
Calculate the remainder when 60370 is divided by 3353.
16
What is the remainder when 66917 is divided by 3183?
74
Calculate the remainder when 16785 is divided by 7191.
2403
What is the remainder when 2084 is divided by 17?
10
Calculate the remainder when 6206 is divided by 229.
23
Calculate the remainder when 94120 is divided by 125.
120
What is the remainder when 277947 is divided by 87?
69
What is the remainder when 49940 is divided by 618?
500
What is the remainder when 8056 is divided by 4021?
14
What is the remainder when 2460699 is divided by 1230348?
3
What is the remainder when 20881 is divided by 227?
224
Calculate the remainder when 2321 is divided by 328.
25
Calculate the remainder when 987 is divided by 968.
19
Calculate the remainder when 12074 is divided by 9.
5
Calculate the remainder when 2327 is divided by 672.
311
What is the remainder when 10522 is divided by 375?
22
What is the remainder when 21463 is divided by 7122?
97
Calculate the remainder when 5005 is divided by 1013.
953
What is the remainder when 36422 is divided by 108?
26
What is the remainder when 14434 is divided by 2879?
39
What is the remainder when 133199 is divided by 2718?
17
Calculate the remainder when 137458 is divided by 2749.
8
What is the remainder when 12551 is divided by 9?
5
Calculate the remainder when 303231 is divided by 51.
36
What is the remainder when 2316 is divided by 324?
48
What is the remainder when 24510 is divided by 4902?
0
Calculate the remainder when 9059 is divided by 637.
141
Calculate the remainder when 1031 is divided by 17.
11
What is the remainder when 14022 is divided by 1551?
63
Calculate the remainder when 70091 is divided by 132.
131
What is the remainder when 18313 is divided by 3051?
7
What is the remainder when 166862 is divided by 6180?
2
Calculate the remainder when 4077 is divided by 15.
12
Calculate the remainder when 925713 is divided by 6757.
4
Calculate the remainder when 733963 is divided by 19.
12
What is the remainder when 39501 is divided by 277?
167
What is the remainder when 3943 is divided by 793?
771
Calculate the remainder when 34275 is divided by 62.
51
What is the remainder when 95 is divided by 33?
29
Calculate the remainder when 100734 is divided by 131.
126
Calculate the remainder when 132235 is divided by 1.
0
Calculate the remainder when 278131 is divided by 11588.
19
Calculate the remainder when 14248 is divided by 375.
373
What is the remainder when 9741 is divided by 141?
12
What is the remainder when 603639 is divided by 4?
3
Calculate the remainder when 23117 is divided by 11557.
3
Calculate the remainder when 31355 is divided by 896.
891
Calculate the remainder when 14474 is divided by 241.
14
What is the remainder when 208291 is divided by 86?
85
What is the remainder when 19281 is divided by 19?
15
Calculate the remainder when 6986 is divided by 160.
106
What is the remainder when 5282 is divided by 1641?
359
Calculate the remainder when 13213 is divided by 32.
29
What is the remainder when 4555 is divided by 321?
61
What is the remainder when 14221 is divided by 14080?
141
What is the remainder when 26780 is divided by 13253?
274
Calculate the remainder when 3268893 is divided by 443.
439
What is the remainder when 327091 is divided by 154?
149
What is the remainder when 85912 is divided by 21474?
16
Calculate the remainder when 115415 is divided by 56.
55
What is the remainder when 2353 is divided by 582?
25
Calculate the remainder when 22408 is divided by 590.
578
Calculate the remainder when 10268 is divided by 538.
46
Calculate the remainder when 3924 is divided by 283.
245
What is the remainder w